Hemel Hempstead (Grovehill) weather

 Latitude N 51° 46' 21"    Longitude W 00° 27' 08"    Elevation 142 m

NOAA Style Reports

Select a Year or Month report
V/Λ2018 > Jan Feb Mar Apr May Jun Jul Aug Sep Oct Nov Dec
V/Λ2017 > Jan Feb Mar Apr May Jun Jul Aug Sep Oct Nov Dec
V/Λ2016 > Jan Feb Mar Apr May Jun Jul Aug Sep Oct Nov Dec
V/Λ2015 > Jan Feb Mar Apr May Jun Jul Aug Sep Oct Nov Dec
V/Λ2014 > Jan Feb Mar Apr May Jun Jul Aug Sep Oct Nov Dec
V/Λ2013 > Jan Feb Mar Apr May Jun Jul Aug Sep Oct Nov Dec
V/Λ2012 > Jan Feb Mar Apr May Jun Jul Aug Sep Oct Nov Dec

Report for 2013 Jun
                   Monthly Climatological Summary for Jun 2013

Name: Grovehill   City: Hemel Hempstead   State: UK
Elevation: 142 m  Lat: N 51° 46' 21"   Lon: W 000° 27' 08"

                  Temperature (°C), Rain (mm), Wind Speed (mph)

                                      Heat  Cool        Avg
    Mean                              Deg   Deg         Wind                 Dom
Day Temp  High   Time   Low    Time   Days  Days  Rain  Speed High   Time    Dir
----------------------------------------------------------------------------------
 1  12.9  18.4   15:55   9.1   05:10   5.3   0.0   0.0   3.8  17.0   10:10   WNW
 2  12.8  18.6   17:20   7.1   05:25   5.4   0.0   0.0   2.0  15.0   10:10    NW
 3  13.0  19.5   15:40   5.6   05:00   5.3   0.1   0.0   2.0  16.0   17:55   ENE
 4  13.2  20.4   17:00   6.2   05:20   5.4   0.3   0.0   3.1  20.0   13:00   ENE
 5  12.6  19.7   17:35   7.8   04:45   5.7   0.1   0.0   2.3  15.0   13:10   ENE
 6  13.7  21.9   17:20   6.9   03:05   5.2   0.6   0.0   3.6  16.0   17:00   ENE
 7  14.4  21.8   17:40   7.3   04:45   4.6   0.6   0.0   3.5  19.0   10:45   ENE
 8  12.1  17.4   15:25   7.9   03:30   6.1   0.0   0.0   4.7  20.0   10:30   ENE
 9  11.6  16.7   15:35   8.1   00:00   6.6   0.0   0.0   3.6  16.0   07:30   ENE
10  11.2  15.0   16:25   7.7   00:20   7.0   0.0   0.0   1.1   9.0   19:50     E
11  13.3  17.1   11:45   8.3   03:50   4.9   0.0   0.2   1.5  14.0   14:15   SSE
12  14.8  16.9   11:30  12.7   00:00   3.5   0.0   2.2   3.4  23.0   10:45    SW
13  13.5  16.7   14:55  10.6   00:00   4.8   0.0   0.2   4.9  29.0   15:25   WSW
14  13.4  19.6   16:35   7.7   05:05   4.9   0.0   0.0   2.3  19.0   16:45   SSW
15  13.0  16.3   17:20   9.4   05:40   5.2   0.0   6.2   4.8  26.0   18:10   WSW
16  13.8  17.1   17:20  10.1   05:20   4.5   0.0   0.0   1.9  17.0   00:10    SW
17  15.0  19.7   17:10  10.8   03:25   3.4   0.1   0.0   4.1  20.0   13:10   ENE
18  16.4  20.4   11:40  10.9   05:35   2.4   0.5   0.0   1.3  13.0   01:00   ENE
19  19.7  26.5   15:15  14.8   00:25   1.0   2.4   0.0   1.0  14.0   19:00   NNE
20  18.0  21.8   11:50  15.3   00:00   0.8   0.6   0.0   2.0  15.0   06:35   ENE
21  16.1  21.6   16:10  13.3   02:45   2.5   0.3   0.8   1.4  15.0   21:20   WSW
22  13.7  17.2   13:20  11.1   04:40   4.5   0.0   5.6   3.9  22.0   11:55    SW
23  13.9  17.5   15:50  10.3   00:00   4.4   0.0   5.8   5.1  28.0   14:30     W
24  12.6  17.9   16:50   9.4   02:50   5.7   0.0   0.0   3.0  17.0   07:45     W
25  14.1  20.7   15:37   7.2   02:55   4.2   0.1   0.0   1.0  12.0   11:50    NW
26  15.5  21.8   15:00   9.0   03:15   3.4   0.7   0.0   1.7  16.0   13:25   WNW
27  13.9  18.7   14:00   9.3   04:35   4.4   0.0   0.8   2.0  15.0   21:10     W
28  15.5  19.8   16:45  11.5   00:00   2.9   0.2   2.4   2.2  14.0   12:25     W
29  16.3  21.7   17:10  11.3   05:45   2.5   0.5   0.0   3.6  20.0   05:50   WNW
30  18.7  25.8   15:45  13.3   05:10   1.6   2.0   0.0   3.7  20.0   10:05   WSW
----------------------------------------------------------------------------------
    14.3  26.5    19     5.6     3   128.1   9.1  24.2   2.8  29.0    13       W

Max >=  25.0:  2
Max <=   0.0:  0
Min <=   0.0:  0
Min <=  -5.0:  0
Max Rain: 6.2 on day 15
Days of Rain: 9 (>= 0.2 mm)  5 (>= 1.0 mm)  0 (>= 10.0 mm)
Heat Base: 18.3  Cool Base: 18.3  Method: Integration
:now: :gauges: :today/yesterday: :month/year: :records: :monthly records: :graphs: :Metar reports: :NOAA reports: :Rain/ET: :GDD MetOffice: :GDD NOAA: :season averages: :data summary: :system info: ::forum:


Page updated 14/01/2018 13:25:01
powered by Cumulus v1.9.4 (1099)