Hemel Hempstead (Grovehill) weather

 Latitude N 51° 46' 21"    Longitude W 00° 27' 08"    Elevation 142 m

NOAA Style Reports

Select a Year or Month report
V/Λ2018 > Jan Feb Mar Apr May Jun Jul Aug Sep Oct Nov Dec
V/Λ2017 > Jan Feb Mar Apr May Jun Jul Aug Sep Oct Nov Dec
V/Λ2016 > Jan Feb Mar Apr May Jun Jul Aug Sep Oct Nov Dec
V/Λ2015 > Jan Feb Mar Apr May Jun Jul Aug Sep Oct Nov Dec
V/Λ2014 > Jan Feb Mar Apr May Jun Jul Aug Sep Oct Nov Dec
V/Λ2013 > Jan Feb Mar Apr May Jun Jul Aug Sep Oct Nov Dec
V/Λ2012 > Jan Feb Mar Apr May Jun Jul Aug Sep Oct Nov Dec

Report for 2013 May
                   Monthly Climatological Summary for May 2013

Name: Grovehill   City: Hemel Hempstead   State: UK
Elevation: 142 m  Lat: N 51° 46' 21"   Lon: W 000° 27' 08"

                  Temperature (°C), Rain (mm), Wind Speed (mph)

                                      Heat  Cool        Avg
    Mean                              Deg   Deg         Wind                 Dom
Day Temp  High   Time   Low    Time   Days  Days  Rain  Speed High   Time    Dir
----------------------------------------------------------------------------------
 1   8.8  16.3   16:10   0.9   06:00   9.4   0.0   0.0   1.7  14.0   16:45   ENE
 2  11.0  18.1   17:00   3.2   05:55   7.2   0.0   0.0   1.7  15.0   12:50   ENE
 3  11.9  19.6   15:50   3.8   05:40   6.4   0.1   0.0   3.0  19.0   22:40     W
 4  11.6  17.0   14:45   7.2   06:10   6.7   0.0   0.0   4.2  23.0   12:20   WSW
 5  12.9  18.8   17:20   6.0   05:20   5.3   0.0   0.0   1.4  12.0   09:55   WSW
 6  15.8  22.4   17:20   8.4   06:10   3.2   0.7   0.0   0.8  12.0   14:40   SSE
 7  15.5  22.7   14:45   7.1   06:10   3.6   0.7   0.0   2.2  15.0   11:05     E
 8  12.6  17.2   17:15   8.3   00:00   5.7   0.0   1.6   2.8  20.0   17:00    SW
 9   9.6  13.9   14:30   5.3   05:35   8.6   0.0   2.4   4.6  29.0   18:10   SSW
10  11.8  16.6   15:05   8.2   00:00   6.5   0.0   0.8   5.5  24.0   03:30   WSW
11   8.5  13.1   13:55   5.2   00:00   9.8   0.0   6.6   3.5  33.0   18:15   WSW
12   9.4  14.3   13:00   4.9   00:45   8.8   0.0   1.8   4.4  21.0   14:16   WSW
13  10.4  13.5   17:10   6.1   23:30   7.9   0.0   0.8   4.9  27.0   17:25   WSW
14   7.9  10.9   11:40   5.4   04:30  10.4   0.0  13.8   2.6  22.0   23:15     S
15   7.7  12.8   17:35   4.8   06:25  10.5   0.0   0.6   3.8  22.0   00:50   SSW
16   9.7  17.6   16:25   1.8   05:10   8.6   0.0   0.0   1.2  14.0   15:05   ESE
17   9.0  11.7   15:35   6.4   02:15   9.3   0.0   0.0   1.2  15.0   13:35    NE
18  11.0  15.4   16:15   8.1   04:50   7.3   0.0   0.0   1.8  14.0   10:50   WNW
19  12.4  19.0   16:00   5.6   04:25   5.8   0.0   0.0   1.0  14.0   16:15   NNE
20  13.5  16.7   14:45  10.5   02:55   4.8   0.0   0.4   2.9  15.0   03:25    NW
21  12.5  15.2   00:00  10.3   00:00   5.8   0.0   0.0   2.0  17.0   15:00   NNW
22  10.2  13.9   17:25   6.5   23:50   8.0   0.0   0.0   3.0  21.0   16:25   WNW
23   7.1  10.5   16:50   4.9   05:30  11.2   0.0   1.4   4.5  21.0   07:30   WNW
24   6.1   9.3   15:40   4.7   04:15  12.1   0.0   8.8   4.4  27.0   13:30    NW
25   9.7  15.3   17:30   4.7   01:15   8.6   0.0   0.0   1.7  13.0   11:40   NNW
26  12.4  19.3   17:15   5.0   05:30   5.9   0.1   0.0   2.4  16.0   17:10   WNW
27  11.8  17.9   15:10   4.8   05:20   6.4   0.0   0.0   2.5  20.0   12:25   SSW
28  10.2  12.3   12:45   8.9   04:55   8.1   0.0  13.0   1.2  14.0   12:50     E
29  10.2  11.8   18:54   8.1   05:55   8.1   0.0   1.0   1.4  15.0   17:25    NW
30  11.4  13.6   14:25  10.1   07:35   6.9   0.0   7.8   2.0  21.0   09:25   NNW
31  14.9  21.5   16:45  10.2   01:55   3.9   0.5   0.0   2.3  16.0   23:15    NW
----------------------------------------------------------------------------------
    10.9  22.7     7     0.9     1   230.8   2.1  60.8   2.7  33.0    11       W

Max >=  25.0:  0
Max <=   0.0:  0
Min <=   0.0:  0
Min <=  -5.0:  0
Max Rain: 13.8 on day 14
Days of Rain: 14 (>= 0.2 mm)  10 (>= 1.0 mm)  2 (>= 10.0 mm)
Heat Base: 18.3  Cool Base: 18.3  Method: Integration
:now: :gauges: :today/yesterday: :month/year: :records: :monthly records: :graphs: :Metar reports: :NOAA reports: :Rain/ET: :GDD MetOffice: :GDD NOAA: :season averages: :data summary: :system info: ::forum:


Page updated 14/01/2018 13:25:01
powered by Cumulus v1.9.4 (1099)