Hemel Hempstead (Grovehill) weather

 Latitude N 51° 46' 21"    Longitude W 00° 27' 08"    Elevation 142 m

NOAA Style Reports

Select a Year or Month report
V/Λ2018 > Jan Feb Mar Apr May Jun Jul Aug Sep Oct Nov Dec
V/Λ2017 > Jan Feb Mar Apr May Jun Jul Aug Sep Oct Nov Dec
V/Λ2016 > Jan Feb Mar Apr May Jun Jul Aug Sep Oct Nov Dec
V/Λ2015 > Jan Feb Mar Apr May Jun Jul Aug Sep Oct Nov Dec
V/Λ2014 > Jan Feb Mar Apr May Jun Jul Aug Sep Oct Nov Dec
V/Λ2013 > Jan Feb Mar Apr May Jun Jul Aug Sep Oct Nov Dec
V/Λ2012 > Jan Feb Mar Apr May Jun Jul Aug Sep Oct Nov Dec

Report for 2013 Apr
                   Monthly Climatological Summary for Apr 2013

Name: Grovehill   City: Hemel Hempstead   State: UK
Elevation: 142 m  Lat: N 51° 46' 21"   Lon: W 000° 27' 08"

                  Temperature (°C), Rain (mm), Wind Speed (mph)

                                      Heat  Cool        Avg
    Mean                              Deg   Deg         Wind                 Dom
Day Temp  High   Time   Low    Time   Days  Days  Rain  Speed High   Time    Dir
----------------------------------------------------------------------------------
 1   1.6   5.6   15:25  -0.8   00:00  16.6   0.0   0.0   6.8  22.0   12:25   ENE
 2   2.6   8.7   14:30  -2.4   06:05  15.6   0.0   0.2   5.8  24.0   14:45   ENE
 3   2.0   6.7   15:40  -0.9   06:35  16.2   0.0   0.0   7.1  27.0   17:10   ENE
 4   1.3   3.8   15:05  -0.5   04:05  16.9   0.0   0.0   6.0  24.0   17:55   ENE
 5   3.4   9.1   15:00   0.1   00:00  14.8   0.0   0.0   5.1  27.0   14:20   ENE
 6   4.5  10.8   16:15  -0.8   05:50  13.7   0.0   0.0   1.8  16.0   09:27    NE
 7   4.5  10.8   15:05  -1.8   03:40  13.7   0.0   0.0   1.7  15.0   15:15   ESE
 8   5.4  10.9   14:35   1.7   03:20  12.8   0.0   0.0   6.0  23.0   13:45   ENE
 9   5.6   9.6   15:15   1.8   00:15  12.6   0.0   0.0   4.7  19.0   09:25   ENE
10   6.4  12.7   14:20   1.8   07:00  11.9   0.0   2.8   2.2  16.0   23:15   ESE
11   6.6   9.6   18:28   4.8   06:00  11.6   0.0   7.4   3.5  20.0   02:30   ENE
12   7.8  12.3   16:50   4.7   00:00  10.4   0.0   5.8   3.0  21.0   17:10   WSW
13   8.2  11.7   13:00   3.2   06:35  10.0   0.0   4.0   3.0  20.0   13:05   SSE
14  14.1  19.2   14:10  10.9   00:00   4.2   0.0   0.2   5.1  33.0   13:10   SSW
15  12.1  15.9   13:10   9.3   23:50   6.1   0.0   0.0   4.1  21.0   17:10   SSW
16  12.3  16.9   16:20   8.9   02:45   6.0   0.0   0.0   4.9  24.0   11:55    SW
17  12.5  17.3   14:45   8.1   02:20   5.8   0.0   0.2   4.6  29.0   22:00   SSW
18  10.1  13.3   13:05   6.8   23:55   8.2   0.0   0.8   7.5  30.0   09:30   WSW
19   8.6  13.0   14:20   4.1   00:00   9.6   0.0   0.0   4.3  20.0   01:05   WNW
20   7.6  15.3   15:35   0.2   06:25  10.6   0.0   0.0   1.7  13.0   13:30     E
21   8.1  14.3   13:58   0.4   05:40  10.1   0.0   0.0   2.1  17.0   17:10   WSW
22   9.6  15.2   13:55   4.4   06:35   8.7   0.0   0.0   2.8  17.0   13:10    SW
23  14.0  20.4   17:15   8.8   06:20   4.5   0.3   0.0   3.0  17.0   12:00     W
24  13.9  20.4   16:20   7.6   06:15   4.5   0.1   0.4   2.6  19.0   11:35   WSW
25  15.0  21.8   15:25  10.3   05:30   3.9   0.6   0.0   2.8  22.0   15:05   WSW
26   8.6  12.8   15:25   5.3   00:00   9.5   0.0   7.6   3.8  23.0   13:55   WNW
27   5.8  10.6   16:35   2.6   00:00  12.4   0.0   0.6   2.9  20.0   18:55   NNE
28   6.6  12.4   15:40  -0.5   05:15  11.6   0.0   0.4   3.0  21.0   20:40    SW
29   9.6  14.1   17:20   6.4   06:40   8.7   0.0   0.4   4.7  22.0   08:25     W
30   9.1  14.8   16:55   4.2   05:20   9.2   0.0   0.0   3.1  20.0   17:35   ENE
----------------------------------------------------------------------------------
     7.9  21.8    25    -2.4     2   310.4   1.0  30.8   4.0  33.0    14      SE

Max >=  25.0:  0
Max <=   0.0:  0
Min <=   0.0:  7
Min <=  -5.0:  0
Max Rain: 7.6 on day 26
Days of Rain: 13 (>= 0.2 mm)  5 (>= 1.0 mm)  0 (>= 10.0 mm)
Heat Base: 18.3  Cool Base: 18.3  Method: Integration
:now: :gauges: :today/yesterday: :month/year: :records: :monthly records: :graphs: :Metar reports: :NOAA reports: :Rain/ET: :GDD MetOffice: :GDD NOAA: :season averages: :data summary: :system info: ::forum:


Page updated 14/01/2018 13:25:01
powered by Cumulus v1.9.4 (1099)