Hemel Hempstead (Grovehill) weather

 Latitude N 51° 46' 21"    Longitude W 00° 27' 08"    Elevation 142 m

NOAA Style Reports

Select a Year or Month report
V/Λ2018 > Jan Feb Mar Apr May Jun Jul Aug Sep Oct Nov Dec
V/Λ2017 > Jan Feb Mar Apr May Jun Jul Aug Sep Oct Nov Dec
V/Λ2016 > Jan Feb Mar Apr May Jun Jul Aug Sep Oct Nov Dec
V/Λ2015 > Jan Feb Mar Apr May Jun Jul Aug Sep Oct Nov Dec
V/Λ2014 > Jan Feb Mar Apr May Jun Jul Aug Sep Oct Nov Dec
V/Λ2013 > Jan Feb Mar Apr May Jun Jul Aug Sep Oct Nov Dec
V/Λ2012 > Jan Feb Mar Apr May Jun Jul Aug Sep Oct Nov Dec

Report for 2013 Mar
                   Monthly Climatological Summary for Mar 2013

Name: Grovehill   City: Hemel Hempstead   State: UK
Elevation: 142 m  Lat: N 51° 46' 21"   Lon: W 000° 27' 08"

                  Temperature (°C), Rain (mm), Wind Speed (mph)

                                      Heat  Cool        Avg
    Mean                              Deg   Deg         Wind                 Dom
Day Temp  High   Time   Low    Time   Days  Days  Rain  Speed High   Time    Dir
----------------------------------------------------------------------------------
 1   3.8   5.8   13:03   1.7   00:00  14.3   0.0   0.6   3.4  17.0   22:10   ENE
 2   1.9   4.3   15:20  -2.1   23:55  16.4   0.0   0.0   1.2  15.0   00:05    NE
 3   2.8   8.5   11:40  -2.4   00:35  15.4   0.0   0.0   1.7  16.0   12:10     E
 4   4.3  10.4   13:40   0.2   23:20  13.9   0.0   0.0   3.6  16.0   08:30     E
 5   6.7  16.4   14:40  -1.7   06:55  11.6   0.0   0.0   0.6  10.0   14:10   SSE
 6   8.1  11.9   13:45   5.4   07:45  10.2   0.0   0.6   2.1  10.0   10:15   ENE
 7   7.6   9.1   12:25   6.2   04:15  10.7   0.0   4.6   1.9  12.0   16:35   ENE
 8   8.0   9.5   15:10   5.7   23:55  10.2   0.0   5.0   1.2  10.0   09:55   ENE
 9   4.4   5.7   00:00   1.9   23:55  13.7   0.0   1.0   1.0  10.0   19:15     N
10   1.1   2.2   11:15  -0.4   23:50  17.1   0.0   0.0   5.7  22.0   16:45   ENE
11  -1.2   0.4   14:05  -3.4   23:45  19.4   0.0   0.0  10.3  31.0   16:25   ENE
12   0.1   4.3   14:00  -3.5   00:15  18.1   0.0   0.0   5.9  34.0   11:10   ENE
13   2.2   6.8   14:15  -1.2   23:55  16.1   0.0   0.0   3.0  22.0   14:20    NW
14   2.1   7.4   13:50  -2.7   06:05  16.1   0.0   0.8   1.7  13.0   14:05     W
15   5.0   8.5   13:00   1.1   02:05  13.2   0.0  10.6   3.8  22.0   17:05   SSW
16   5.9   8.8   14:00   3.7   19:00  12.4   0.0  15.6   5.0  28.0   04:55   SSE
17   3.3   6.9   10:25   0.3   00:00  14.9   0.0  14.2   1.8  21.0   11:10    SW
18   2.3   8.1   14:05  -2.0   06:00  16.0   0.0   0.2   0.9  13.0   14:35   ENE
19   3.4   8.3   16:10   0.3   05:30  14.8   0.0   0.2   1.0  12.0   16:45   ENE
20   2.5   3.5   13:50   0.3   00:20  15.8   0.0   0.0   1.3  10.0   15:25    NE
21   2.3   5.5   12:45  -2.0   03:45  16.0   0.0   0.4   4.6  23.0   18:05     E
22   2.5   5.2   13:21   1.3   02:50  15.7   0.0   5.6   9.8  29.0   16:40     E
23   0.3   1.6   00:45  -0.3   23:40  17.9   0.0   3.0   8.1  26.0   12:05   ENE
24  -1.0  -0.1   23:05  -1.6   08:15  19.2   0.0   0.2   7.2  21.0   14:25   ENE
25  -0.3   0.3   14:40  -1.1   06:00  18.6   0.0   0.0   7.5  23.0   10:15   ENE
26  -0.1   0.8   15:55  -1.2   23:45  18.3   0.0   0.0   5.9  20.0   13:55   ENE
27   0.4   3.7   14:10  -2.1   04:10  17.9   0.0   3.0   3.7  16.0   09:25   ENE
28   0.9   4.3   15:50  -1.9   05:40  17.4   0.0   1.2   2.8  16.0   09:50   ENE
29   1.3   6.2   11:55  -2.2   03:10  16.6   0.0   0.0   3.8  16.0   10:05   ENE
30   1.9   6.3   14:35  -0.9   00:00  16.3   0.0   0.0   3.1  19.0   10:00   ENE
31   1.4   7.1   13:00  -3.4   05:50  16.1   0.0   0.0   3.5  16.0   15:35   ENE
----------------------------------------------------------------------------------
     2.7  16.4     5    -3.5    12   480.3   0.0  66.8   3.8  34.0    12     ENE

Max >=  25.0:  0
Max <=   0.0:  1
Min <=   0.0: 19
Min <=  -5.0:  0
Max Rain: 15.6 on day 16
Days of Rain: 17 (>= 0.2 mm)  10 (>= 1.0 mm)  3 (>= 10.0 mm)
Heat Base: 18.3  Cool Base: 18.3  Method: Integration
:now: :gauges: :today/yesterday: :month/year: :records: :monthly records: :graphs: :Metar reports: :NOAA reports: :Rain/ET: :GDD MetOffice: :GDD NOAA: :season averages: :data summary: :system info: ::forum:


Page updated 14/01/2018 13:25:01
powered by Cumulus v1.9.4 (1099)