Hemel Hempstead (Grovehill) weather

 Latitude N 51° 46' 21"    Longitude W 00° 27' 08"    Elevation 142 m

NOAA Style Reports

Select a Year or Month report
V/Λ2018 > Jan Feb Mar Apr May Jun Jul Aug Sep Oct Nov Dec
V/Λ2017 > Jan Feb Mar Apr May Jun Jul Aug Sep Oct Nov Dec
V/Λ2016 > Jan Feb Mar Apr May Jun Jul Aug Sep Oct Nov Dec
V/Λ2015 > Jan Feb Mar Apr May Jun Jul Aug Sep Oct Nov Dec
V/Λ2014 > Jan Feb Mar Apr May Jun Jul Aug Sep Oct Nov Dec
V/Λ2013 > Jan Feb Mar Apr May Jun Jul Aug Sep Oct Nov Dec
V/Λ2012 > Jan Feb Mar Apr May Jun Jul Aug Sep Oct Nov Dec

Report for 2013 Feb
                   Monthly Climatological Summary for Feb 2013

Name: Grovehill   City: Hemel Hempstead   State: UK
Elevation: 142 m  Lat: N 51° 46' 21"   Lon: W 000° 27' 08"

                  Temperature (°C), Rain (mm), Wind Speed (mph)

                                      Heat  Cool        Avg
    Mean                              Deg   Deg         Wind                 Dom
Day Temp  High   Time   Low    Time   Days  Days  Rain  Speed High   Time    Dir
----------------------------------------------------------------------------------
 1   5.1   7.2   13:20   3.7   22:50  13.0   0.0   5.0   2.9  17.0   23:55     W
 2   2.6   5.2   13:15  -0.9   23:55  15.6   0.0   0.0   4.2  21.0   05:40    NW
 3   4.5   8.6   23:40  -0.9   00:00  13.7   0.0   0.0   2.8  22.0   12:25   WSW
 4   8.0   9.7   12:20   5.7   22:15  10.3   0.0   0.0   7.2  30.0   19:55     W
 5   3.6   5.9   00:00   1.3   07:00  14.7   0.0   2.2   7.4  30.0   01:15     W
 6   3.5   5.3   12:05   0.9   23:20  14.7   0.0   1.0   5.8  29.0   15:00   WNW
 7   1.8   4.7   12:20  -0.6   07:40  16.5   0.0   1.2   4.0  21.0   01:40   WNW
 8   3.5   4.9   12:30   0.3   00:00   9.2   0.0   1.2   2.8  14.0   21:20   WNW
 9   2.1   3.2   12:55   0.9   04:50  16.1   0.0   0.4   1.0   8.0   00:10   SSW
10   2.4   4.3   11:25   0.2   23:40  15.8   0.0  13.0   3.9  20.0   14:10   ESE
11   0.4   0.8   13:15   0.1   01:55  17.9   0.0   2.4   3.4  15.0   11:55   ENE
12   0.2   1.2   12:25  -0.4   07:20  18.0   0.0   2.0   1.9  13.0   12:00   ENE
13   0.5   2.7   00:00  -0.9   07:00  17.8   0.0   2.4   2.5  16.0   15:45    SE
14   6.6   9.7   11:25   2.7   00:00  11.6   0.0  12.6   3.8  19.0   05:50     W
15   5.9  10.1   14:25   3.1   05:20  12.3   0.0   0.2   2.6  15.0   11:35     W
16   6.2   9.9   15:20   3.0   00:00  12.0   0.0   0.0   0.3   8.0   13:00   SSW
17   3.2   9.8   13:10  -2.5   07:25  14.9   0.0   0.0   2.2  19.0   19:25   ESE
18   3.6   8.6   13:20  -1.0   23:45  14.7   0.0   0.0   2.1  14.0   09:40     E
19   2.6  10.2   14:30  -3.3   06:40  15.5   0.0   0.0   0.4   9.0   23:50    NW
20   1.8   5.2   12:15   0.3   01:05  16.5   0.0   1.6   5.4  22.0   13:50     E
21   0.5   1.6   13:15  -0.3   20:05  17.8   0.0   0.0   7.0  22.0   13:15   ENE
22   0.0   1.5   12:15  -0.9   06:30  18.2   0.0   0.0   4.7  20.0   00:10   ENE
23   0.1   1.7   14:00  -0.8   21:55  18.2   0.0   0.2   2.2  15.0   13:25    NE
24   0.4   1.6   13:55  -0.4   06:30  17.8   0.0   0.0   1.7  13.0   15:35     N
25   2.1   3.2   14:20   0.5   03:00  16.2   0.0   0.4   2.9  20.0   22:05    NE
26   2.9   4.0   16:00   1.8   01:35  15.4   0.0   0.8   4.1  17.0   00:00   ENE
27   2.6   6.3   15:20   1.1   23:20  15.7   0.0   0.2   3.9  17.0   08:00   ENE
28   3.5   9.4   15:15   0.8   05:50  14.8   0.0   0.0   4.3  19.0   14:20   ENE
----------------------------------------------------------------------------------
     2.9  10.2    19    -3.3    19   424.9   0.0  46.8   3.5  30.0     4     NNE

Max >=  25.0:  0
Max <=   0.0:  0
Min <=   0.0: 12
Min <=  -5.0:  0
Max Rain: 13.0 on day 10
Days of Rain: 17 (>= 0.2 mm)  11 (>= 1.0 mm)  2 (>= 10.0 mm)
Heat Base: 18.3  Cool Base: 18.3  Method: Integration
:now: :gauges: :today/yesterday: :month/year: :records: :monthly records: :graphs: :Metar reports: :NOAA reports: :Rain/ET: :GDD MetOffice: :GDD NOAA: :season averages: :data summary: :system info: ::forum:


Page updated 14/01/2018 13:25:01
powered by Cumulus v1.9.4 (1099)