Hemel Hempstead (Grovehill) weather

 Latitude N 51° 46' 21"    Longitude W 00° 27' 08"    Elevation 142 m

NOAA Style Reports

Select a Year or Month report
V/Λ2018 > Jan Feb Mar Apr May Jun Jul Aug Sep Oct Nov Dec
V/Λ2017 > Jan Feb Mar Apr May Jun Jul Aug Sep Oct Nov Dec
V/Λ2016 > Jan Feb Mar Apr May Jun Jul Aug Sep Oct Nov Dec
V/Λ2015 > Jan Feb Mar Apr May Jun Jul Aug Sep Oct Nov Dec
V/Λ2014 > Jan Feb Mar Apr May Jun Jul Aug Sep Oct Nov Dec
V/Λ2013 > Jan Feb Mar Apr May Jun Jul Aug Sep Oct Nov Dec
V/Λ2012 > Jan Feb Mar Apr May Jun Jul Aug Sep Oct Nov Dec

Report for 2013 Jan
                   Monthly Climatological Summary for Jan 2013

Name: Grovehill   City: Hemel Hempstead   State: UK
Elevation: 142 m  Lat: N 51° 46' 21"   Lon: W 000° 27' 08"

                  Temperature (°C), Rain (mm), Wind Speed (mph)

                                      Heat  Cool        Avg
    Mean                              Deg   Deg         Wind                 Dom
Day Temp  High   Time   Low    Time   Days  Days  Rain  Speed High   Time    Dir
----------------------------------------------------------------------------------
 1   5.3   8.5   00:00   3.4   08:10  13.0   0.0   0.0   4.2  19.0   18:45     W
 2   6.9  10.1   21:00   4.3   03:30  11.4   0.0   0.8   3.0  15.0   23:20     W
 3   9.6  10.6   12:30   8.3   06:40   8.7   0.0   0.0   4.4  20.0   22:20   WSW
 4   8.8   9.6   00:00   7.4   22:25   9.5   0.0   0.0   3.8  19.0   00:15     W
 5   8.4  10.1   13:25   6.1   22:45   9.9   0.0   0.0   2.3  15.0   03:00   WSW
 6   7.3   8.2   12:50   5.6   03:30  11.0   0.0   0.0   1.2  13.0   21:55    SW
 7   7.4   8.3   00:00   6.3   05:55  10.9   0.0   0.2   1.5  12.0   11:45   SSW
 8   9.2  10.1   15:05   8.2   07:10   9.1   0.0   0.8   2.0  13.0   12:40    SW
 9   5.6   9.1   02:10  -0.2   00:00  12.7   0.0   1.8   0.6  10.0   06:15   NNW
10   1.1   1.8   04:10  -0.3   00:50  17.2   0.0   0.2   1.4   9.0   20:15   WNW
11   1.7   4.2   12:50  -0.1   06:35  16.6   0.0   0.2   0.9   9.0   00:55     W
12   2.1   4.2   13:25  -0.2   00:55  16.1   0.0   0.6   4.4  21.0   12:55   ENE
13   0.3   1.4   02:25  -1.5   07:00  17.9   0.0   0.0   1.4  15.0   02:25    NE
14   0.2   1.9   18:05  -0.9   06:00  18.1   0.0   0.4   2.4  21.0   19:45     W
15  -0.3   1.7   14:00  -4.5   23:30  18.6   0.0   1.8   2.1  21.0   01:45    NW
16  -3.3  -1.9   12:35  -5.1   22:30  21.6   0.0   0.0   0.5   6.0   02:30   ENE
17  -1.6   0.7   13:15  -5.7   05:15  19.9   0.0   0.8   0.5   8.0   20:25   ESE
18  -1.5   0.2   00:05  -2.7   10:18  19.6   0.0   0.0   4.2  20.0   13:50   ESE
19  -0.8  -0.1   12:15  -1.4   19:35  19.0   0.0   0.0   5.0  20.0   18:10   ENE
20  -1.2  -0.2   13:30  -2.2   07:25  19.4   0.0   0.4   2.3  20.0   00:20   ENE
21  -0.9   0.7   13:45  -4.3   00:00  19.2   0.0   0.2   0.3   6.0   10:15   SSW
22  -1.9   1.3   18:35  -7.9   05:35  20.1   0.0   0.0   3.5  17.0   17:45   ENE
23   0.5   1.2   00:00  -0.2   08:05  17.8   0.0   0.0   5.1  17.0   00:10   ENE
24   0.3   1.5   14:30  -1.2   00:00  18.0   0.0   0.4   1.2   9.0   00:10   ENE
25  -0.3   2.1   22:00  -4.8   02:40  18.6   0.0   2.2   2.6  20.0   15:50    SE
26   4.1   6.6   00:00   1.0   01:35  14.1   0.0  19.2   3.1  19.0   23:50   SSW
27   7.0   9.8   06:25   3.4   23:45  11.2   0.0   7.0   6.2  34.0   09:20    SW
28   5.8  10.2   23:45   1.6   06:55  12.5   0.0   3.8   4.7  27.0   17:10    SW
29  11.0  13.1   15:10   8.5   04:15   7.3   0.0   2.8   5.7  26.0   01:40    SW
30   9.1  11.9   00:20   6.6   23:30   9.2   0.0   9.2   7.3  35.0   15:20   WSW
31   8.0  10.2   13:05   5.9   02:25  10.3   0.0   2.2   6.9  35.0   09:35   WSW
----------------------------------------------------------------------------------
     3.5  13.1    29    -7.9    22   458.5   0.0  55.0   3.0  35.0    30      SW

Max >=  25.0:  0
Max <=   0.0:  3
Min <=   0.0: 17
Min <=  -5.0:  3
Max Rain: 19.2 on day 26
Days of Rain: 20 (>= 0.2 mm)  9 (>= 1.0 mm)  1 (>= 10.0 mm)
Heat Base: 18.3  Cool Base: 18.3  Method: Integration
:now: :gauges: :today/yesterday: :month/year: :records: :monthly records: :graphs: :Metar reports: :NOAA reports: :Rain/ET: :GDD MetOffice: :GDD NOAA: :season averages: :data summary: :system info: ::forum:


Page updated 14/01/2018 13:25:01
powered by Cumulus v1.9.4 (1099)