Hemel Hempstead (Grovehill) weather

 Latitude N 51° 46' 21"    Longitude W 00° 27' 08"    Elevation 142 m

NOAA Style Reports

Select a Year or Month report
V/Λ2018 > Jan Feb Mar Apr May Jun Jul Aug Sep Oct Nov Dec V/Λ2017 > Jan Feb Mar Apr May Jun Jul Aug Sep Oct Nov Dec V/Λ2016 > Jan Feb Mar Apr May Jun Jul Aug Sep Oct Nov Dec V/Λ2015 > Jan Feb Mar Apr May Jun Jul Aug Sep Oct Nov Dec V/Λ2014 > Jan Feb Mar Apr May Jun Jul Aug Sep Oct Nov Dec V/Λ2013 > Jan Feb Mar Apr May Jun Jul Aug Sep Oct Nov Dec V/Λ2012 > Jan Feb Mar Apr May Jun Jul Aug Sep Oct Nov Dec

Report for 2012 Nov
                   Monthly Climatological Summary for Nov 2012

Name: Grovehill   City: Hemel Hempstead   State: UK
Elevation: 142 m  Lat: N 51° 46' 21"   Lon: W 000° 27' 08"

                  Temperature (°C), Rain (mm), Wind Speed (mph)

                                      Heat  Cool        Avg
    Mean                              Deg   Deg         Wind                 Dom
Day Temp  High   Time   Low    Time   Days  Days  Rain  Speed High   Time    Dir
----------------------------------------------------------------------------------
 1   5.8  10.3   00:00   2.2   22:20  12.5   0.0  11.0   1.8  16.0   12:25   WSW
 2   5.2   9.9   13:45   2.9   23:55  13.0   0.0   0.6   2.4  19.0   13:15   WSW
 3   4.6   9.3   13:15   1.1   03:20  13.7   0.0   0.0   1.6  20.0   11:00   WSW
 4   3.7   6.7   11:35   1.3   00:35  14.5   0.0  14.8   2.2  20.0   09:21    NE
 5   4.8   9.1   13:50   1.2   02:25  13.5   0.0   0.0   1.1  13.0   10:10    NW
 6   5.6   9.3   11:20   0.6   04:55  12.7   0.0   0.8   2.9  19.0   18:30     W
 7   7.6  10.6   13:05   4.1   07:45  10.7   0.0   0.2   2.2  20.0   14:10   WSW
 8   9.2  12.7   12:00   7.7   00:00   9.1   0.0   0.0   1.7  15.0   13:20   WSW
 9   8.1  10.3   10:55   6.3   03:30  10.1   0.0   0.0   1.4  13.0   10:45   SSW
10   7.2   9.2   13:20   2.7   23:45  11.0   0.0   5.0   0.7   9.0   04:40    SW
11   4.6  10.1   13:25   1.6   06:55  13.6   0.0   0.0   0.8   9.0   12:35     W
12   7.6  11.4   19:50   3.4   03:25  10.7   0.0   2.0   1.3  12.0   14:10   SSW
13  11.4  14.8   12:45   9.2   05:25   6.9   0.0   0.2   1.7  15.0   11:50   SSW
14   9.8  12.7   12:50   6.8   23:50   8.5   0.0   0.0   1.0   8.0   11:00   ESE
15   6.2   7.6   14:35   4.7   07:45  12.1   0.0   0.0   0.2   6.0   12:10     E
16   6.9   8.9   00:00   5.6   08:30  11.4   0.0   0.4   0.9  10.0   16:35   SSE
17   8.9  11.3   07:30   4.4   00:00   9.4   0.0   0.4   1.4  12.0   06:15     W
18   4.3   9.0   13:35   1.3   08:10  13.9   0.0   0.0   0.5   7.0   04:10   WSW
19   7.3  10.0   12:15   2.9   00:10  10.9   0.0   0.8   2.6  17.0   13:15     S
20  11.1  12.4   13:05   9.6   00:00   7.2   0.0  11.4   3.4  20.0   08:25   SSE
21   8.0  10.2   02:35   4.8   22:50  10.2   0.0  10.4   2.5  23.0   14:30    SW
22   9.9  11.9   13:45   5.1   00:50   8.3   0.0   6.8   5.2  27.0   19:06     S
23   5.1   7.4   00:00   2.6   23:05  13.2   0.0   3.4   0.7  13.0   00:20   SSW
24   5.0   8.7   00:00   0.2   05:25  13.2   0.0  10.6   3.0  20.0   18:55     E
25   8.7  11.3   02:00   5.9   08:18   9.5   0.0   4.2   5.6  36.0   04:30    SW
26   7.5   9.5   01:00   6.2   20:05  10.8   0.0  12.4   1.2  14.0   00:55   WSW
27   6.4   7.4   09:10   4.8   00:00  11.9   0.0   5.2   3.1  20.0   13:30     N
28   4.6   6.1   12:20   1.7   00:00  13.7   0.0   0.2   4.4  19.0   16:50    NW
29   1.9   5.7   13:25  -0.8   23:55  16.4   0.0   0.0   2.9  15.0   04:55   WNW
30   0.1   3.6   13:15  -1.9   07:20  18.2   0.0   0.4   0.8   7.0   11:30     W
----------------------------------------------------------------------------------
     6.6  14.8    13    -1.9    30   350.8   0.0 101.2   2.0  36.0    25      SW

Max >=  25.0:  0
Max <=   0.0:  0
Min <=   0.0:  2
Min <=  -5.0:  0
Max Rain: 14.8 on day 4
Days of Rain: 21 (>= 0.2 mm)  12 (>= 1.0 mm)  6 (>= 10.0 mm)
Heat Base: 18.3  Cool Base: 18.3  Method: Integration
:now: :gauges: :today/yesterday: :month/year: :records: :monthly records: :graphs: :Metar reports: :NOAA reports: :Rain/ET: :GDD MetOffice: :GDD NOAA: :season averages: :data summary: :system info: ::forum:


Page updated 14/01/2018 13:25:01
powered by Cumulus v1.9.4 (1099)