Hemel Hempstead (Grovehill) weather

 Latitude N 51° 46' 21"    Longitude W 00° 27' 08"    Elevation 142 m

NOAA Style Reports

Select a Year or Month report
V/Λ2018 > Jan Feb Mar Apr May Jun Jul Aug Sep Oct Nov Dec V/Λ2017 > Jan Feb Mar Apr May Jun Jul Aug Sep Oct Nov Dec V/Λ2016 > Jan Feb Mar Apr May Jun Jul Aug Sep Oct Nov Dec V/Λ2015 > Jan Feb Mar Apr May Jun Jul Aug Sep Oct Nov Dec V/Λ2014 > Jan Feb Mar Apr May Jun Jul Aug Sep Oct Nov Dec V/Λ2013 > Jan Feb Mar Apr May Jun Jul Aug Sep Oct Nov Dec V/Λ2012 > Jan Feb Mar Apr May Jun Jul Aug Sep Oct Nov Dec

Report for 2012 Oct
                   Monthly Climatological Summary for Oct 2012

Name: Grovehill   City: Hemel Hempstead   State: UK
Elevation: 142 m  Lat: N 51° 46' 21"   Lon: W 000° 27' 08"

                  Temperature (°C), Rain (mm), Wind Speed (mph)

                                      Heat  Cool        Avg
    Mean                              Deg   Deg         Wind                 Dom
Day Temp  High   Time   Low    Time   Days  Days  Rain  Speed High   Time    Dir
----------------------------------------------------------------------------------
 1  13.5  17.1   15:25  10.4   00:00   4.8   0.0   3.0   1.8  15.0   00:45    SW
 2  12.3  17.9   14:00   8.9   04:15   6.0   0.0   1.6   2.6  19.0   15:05    SW
 3  11.1  15.5   14:55   6.8   00:00   7.2   0.0   2.4   2.5  19.0   10:35   WSW
 4   9.9  15.9   13:55   4.6   07:15   8.3   0.0   0.6   1.3  15.0   12:20   WSW
 5  10.9  14.4   05:25   8.2   23:50   7.4   0.0  24.4   1.6  16.0   05:20   WSW
 6   9.5  15.2   14:10   5.6   00:00   8.8   0.0   8.8   0.5  10.0   02:20   NNW
 7   7.5  12.3   16:00   4.5   03:20  10.7   0.0   0.0   0.2   7.0   13:05    NW
 8  10.2  11.4   13:30   6.3   00:00   8.1   0.0   1.2   1.4  12.0   11:35     E
 9  10.3  13.6   12:25   8.2   04:10   8.0   0.0   0.0   1.9  12.0   05:25   ENE
10  10.3  14.3   13:15   7.4   05:15   8.0   0.0   0.0   1.1   9.0   11:30     E
11  11.5  14.4   21:50   8.2   07:10   6.8   0.0   8.0   1.8  12.0   08:55   ESE
12  10.3  13.9   00:00   5.7   23:05   7.9   0.0   1.0   2.8  23.0   15:20   WSW
13   7.3  12.6   13:50   3.7   08:00  11.0   0.0   0.2   0.6   9.0   13:50   WSW
14   7.0  12.5   14:20   1.9   06:15  11.2   0.0   0.0   1.2  12.0   11:30   WNW
15   7.8  13.1   14:00   2.9   03:40  10.5   0.0   3.0   1.2  15.0   15:00    SW
16  10.5  15.0   15:40   6.9   00:00   7.8   0.0   1.6   3.4  21.0   14:25   WSW
17  12.0  16.4   14:45   6.9   00:00   6.3   0.0  23.6   2.7  21.0   05:45     S
18  12.8  15.7   14:55  11.1   08:05   5.5   0.0   4.4   1.7  14.0   10:25   SSE
19  11.0  12.5   13:35   9.8   04:35   7.3   0.0   4.4   0.3  10.0   15:15    NE
20  10.3  13.2   14:55   7.9   06:55   8.0   0.0   3.0   0.3   6.0   03:50    SW
21  10.0  11.3   15:20   8.5   07:20   8.2   0.0   2.8   2.2  15.0   13:10   ENE
22  12.7  14.2   15:10  10.6   00:00   5.6   0.0   0.4   1.6  10.0   13:00   ENE
23  12.1  13.2   00:00  10.8   08:15   6.2   0.0   0.2   0.9  12.0   19:15    NE
24  13.0  15.3   15:30  11.8   04:15   5.3   0.0   0.2   3.1  13.0   15:55   ENE
25  10.9  13.2   00:00   8.2   23:55   7.4   0.0   1.4   5.7  20.0   23:40   ENE
26   6.4   8.2   14:10   2.8   23:30  11.8   0.0   0.2   4.6  19.0   00:10    NE
27   3.8   8.4   14:15   1.1   07:15  14.4   0.0   0.8   4.9  26.0   11:15    NW
28   5.2   8.8   15:45   0.4   02:55  12.9   0.0   2.2   1.4  12.0   14:35    SW
29   8.2  12.6   12:25   6.3   06:50  10.1   0.0   1.4   1.1  10.0   12:05   WSW
30   6.5  10.7   13:05   3.6   07:20  11.8   0.0   0.0   1.0  10.0   13:50     W
31   8.1  11.3   11:45   3.9   02:05  10.2   0.0   3.4   3.1  20.0   18:10   SSE
----------------------------------------------------------------------------------
     9.8  17.9     2     0.4    28   263.5   0.0 104.2   2.0  26.0    27       S

Max >=  25.0:  0
Max <=   0.0:  0
Min <=   0.0:  0
Min <=  -5.0:  0
Max Rain: 24.4 on day 5
Days of Rain: 26 (>= 0.2 mm)  19 (>= 1.0 mm)  2 (>= 10.0 mm)
Heat Base: 18.3  Cool Base: 18.3  Method: Integration
:now: :gauges: :today/yesterday: :month/year: :records: :monthly records: :graphs: :Metar reports: :NOAA reports: :Rain/ET: :GDD MetOffice: :GDD NOAA: :season averages: :data summary: :system info: ::forum:


Page updated 14/01/2018 13:25:01
powered by Cumulus v1.9.4 (1099)