Hemel Hempstead (Grovehill) weather

 Latitude N 51° 46' 21"    Longitude W 00° 27' 08"    Elevation 142 m

NOAA Style Reports

Select a Year or Month report
V/Λ2018 > Jan Feb Mar Apr May Jun Jul Aug Sep Oct Nov Dec V/Λ2017 > Jan Feb Mar Apr May Jun Jul Aug Sep Oct Nov Dec V/Λ2016 > Jan Feb Mar Apr May Jun Jul Aug Sep Oct Nov Dec V/Λ2015 > Jan Feb Mar Apr May Jun Jul Aug Sep Oct Nov Dec V/Λ2014 > Jan Feb Mar Apr May Jun Jul Aug Sep Oct Nov Dec V/Λ2013 > Jan Feb Mar Apr May Jun Jul Aug Sep Oct Nov Dec V/Λ2012 > Jan Feb Mar Apr May Jun Jul Aug Sep Oct Nov Dec

Report for 2012 Jul
                   Monthly Climatological Summary for Jul 2012

Name: Grovehill   City: Hemel Hempstead   State: UK
Elevation: 142 m  Lat: N 51° 46' 21"   Lon: W 000° 27' 08"

                  Temperature (°C), Rain (mm), Wind Speed (mph)

                                      Heat  Cool        Avg
    Mean                              Deg   Deg         Wind                 Dom
Day Temp  High   Time   Low    Time   Days  Days  Rain  Speed High   Time    Dir
----------------------------------------------------------------------------------
 1  14.5  19.4   17:10   9.6   05:30   3.8   0.0   0.0   5.5  16.6   12:30   WSW
 2  14.2  17.2   13:55  12.1   04:40   4.1   0.0   4.4   5.0  11.5   11:15   ENE
 3  16.0  18.6   14:05  14.6   03:40   2.3   0.0   4.0   4.0  10.2   23:50    NE
 4  17.8  22.7   16:15  15.3   03:40   1.3   0.7   3.4   2.1  10.2   11:35   ENE
 5  18.7  24.3   17:15  14.3   05:15   1.1   1.6   0.0   0.2   7.7   11:45     E
 6  15.2  18.9   17:20  13.3   00:00   3.1   0.0  11.0   0.3   7.7   15:50     W
 7  15.2  19.4   12:20  11.6   04:45   3.1   0.0   2.4   0.5  10.2   11:20   ENE
 8  15.3  19.9   14:55  13.3   05:05   3.1   0.1   8.6   0.5   9.0   02:05     W
 9  15.6  18.8   15:00  13.3   06:15   2.7   0.0   0.2   0.2   9.0   17:15   WSW
10  14.6  18.7   16:30  11.4   00:00   3.7   0.0   0.8   0.3   9.0   10:20   WSW
11  13.8  20.1   12:30  10.2   02:10   4.5   0.1   7.4   0.5  10.2   12:10   WSW
12  13.8  19.9   13:35   8.5   05:30   4.5   0.1   9.6   0.6   9.0   12:15   WSW
13  15.8  20.4   14:10  13.0   06:05   2.7   0.2   1.0   0.9  11.5   01:35   WSW
14  13.8  17.3   17:25  11.6   22:55   4.5   0.0   5.2   0.2   7.7   09:25   SSW
15  14.7  20.1   12:50  10.5   06:15   3.6   0.1   0.0   0.6   9.0   10:35   WSW
16  14.4  16.9   18:05  12.0   05:30   3.9   0.0   2.2   1.4  16.6   11:35   WSW
17  18.0  22.9   14:45  13.2   05:25   1.6   1.3   0.0   0.9  10.2   10:25   WSW
18  15.8  17.6   15:05  13.3   22:55   2.5   0.0   4.6   1.1  12.8   13:00   WSW
19  15.9  19.8   12:15  12.3   05:10   2.5   0.1   0.2   0.8   9.0   07:45   WSW
20  13.9  18.4   17:35  10.7   05:15   4.4   0.0   1.8   0.4   7.7   15:15     W
21  15.0  20.7   17:45   9.2   05:50   3.7   0.4   0.0   0.2   9.0   15:45     E
22  17.9  24.7   16:35  11.3   03:50   2.3   1.9   0.0   0.7  10.2   17:00     W
23  20.5  29.2   16:10  11.6   05:45   1.7   3.9   0.0   0.6  10.2   12:20   WSW
24  22.3  31.3   17:25  12.6   05:35   1.1   5.2   0.0   0.1   7.7   16:00   SSE
25  22.4  30.8   14:00  14.1   05:45   0.8   5.0   0.0   0.7  11.5   15:40     E
26  20.9  29.4   16:10  13.1   05:35   1.3   3.9   0.0   1.0  10.2   16:45     E
27  19.2  24.8   16:40  14.0   03:30   1.3   2.2   0.0   0.6  11.5   21:15     W
28  16.7  22.2   13:05  11.7   00:00   2.4   0.8   0.0   0.8   9.0   18:30     W
29  14.1  20.4   11:15   9.1   00:00   4.4   0.2   9.8   0.5  10.2   10:30   WSW
30  14.3  20.4   13:30   7.4   05:45   4.3   0.3   0.0   0.6   9.0   12:25   WSW
31  14.9  19.3   17:20  10.4   06:20   3.5   0.1   7.6   0.4   7.7   12:35    SW
----------------------------------------------------------------------------------
    16.3  31.3    24     7.4    30    89.8  28.2  84.2   1.0  16.6     1     WSW

Max >=  25.0:  4
Max <=   0.0:  0
Min <=   0.0:  0
Min <=  -5.0:  0
Max Rain: 11.0 on day 6
Days of Rain: 18 (>= 0.2 mm)  15 (>= 1.0 mm)  1 (>= 10.0 mm)
Heat Base: 18.3  Cool Base: 18.3  Method: Integration
:now: :gauges: :today/yesterday: :month/year: :records: :monthly records: :graphs: :Metar reports: :NOAA reports: :Rain/ET: :GDD MetOffice: :GDD NOAA: :season averages: :data summary: :system info: ::forum:


Page updated 14/01/2018 13:25:01
powered by Cumulus v1.9.4 (1099)