Hemel Hempstead (Grovehill) weather

 Latitude N 51° 46' 21"    Longitude W 00° 27' 08"    Elevation 142 m

NOAA Style Reports

Select a Year or Month report
V/Λ2018 > Jan Feb Mar Apr May Jun Jul Aug Sep Oct Nov Dec V/Λ2017 > Jan Feb Mar Apr May Jun Jul Aug Sep Oct Nov Dec V/Λ2016 > Jan Feb Mar Apr May Jun Jul Aug Sep Oct Nov Dec V/Λ2015 > Jan Feb Mar Apr May Jun Jul Aug Sep Oct Nov Dec V/Λ2014 > Jan Feb Mar Apr May Jun Jul Aug Sep Oct Nov Dec V/Λ2013 > Jan Feb Mar Apr May Jun Jul Aug Sep Oct Nov Dec V/Λ2012 > Jan Feb Mar Apr May Jun Jul Aug Sep Oct Nov Dec

Report for 2012 Jun
                   Monthly Climatological Summary for Jun 2012

Name: Grovehill   City: Hemel Hempstead   State: UK
Elevation: 142 m  Lat: N 51° 46' 21"   Lon: W 000° 27' 08"

                  Temperature (°C), Rain (mm), Wind Speed (mph)

                                      Heat  Cool        Avg
    Mean                              Deg   Deg         Wind                 Dom
Day Temp  High   Time   Low    Time   Days  Days  Rain  Speed High   Time    Dir
----------------------------------------------------------------------------------
11   9.9  13.1   19:41   9.8   22:35   1.5   0.0   4.4   0.6   7.0   23:05    SE
12  10.8  13.1   14:45   9.3   07:05   7.5   0.0   2.8   0.4   9.0   03:50    SW
13  12.9  19.6   12:32   5.2   05:20   5.4   0.0   0.0   0.1   8.0   15:50     E
14  12.6  18.2   15:15   5.2   05:15   5.7   0.0   4.0   1.7  15.0   14:20   ENE
15  14.4  18.6   16:35  11.3   00:00   3.9   0.0   6.4   5.3  12.0   00:45     W
16  13.8  18.3   14:05  11.0   02:20   4.5   0.0   0.2   6.5  18.0   14:00   WSW
17  15.2  20.6   14:50  11.4   05:00   3.2   0.2   0.2   0.9  17.0   02:35   WSW
18  14.4  20.4   15:30  10.7   06:55   4.0   0.1   4.6   0.1   8.0   14:20     W
19  16.0  23.2   15:25   9.5   02:00   3.1   0.9   0.0   0.2   7.7   03:55   WSW
20  16.4  23.0   15:00   9.7   05:50   2.9   1.0   0.0   1.2  14.1   14:45     E
21  14.5  19.8   12:20  10.4   23:35   3.9   0.1  10.6   1.1  12.8   03:20     E
22  13.2  17.9   16:55  10.3   00:15   5.0   0.0   3.0   1.8  19.2   13:30   WSW
23  13.6  19.3   13:50   9.4   04:55   4.7   0.0   2.8   1.0  14.1   14:00    SW
24  14.9  21.1   16:30  10.6   00:05   3.7   0.3  10.2   1.1  16.6   14:50   WSW
25  16.6  23.1   15:25  10.4   03:45   2.6   1.0   0.0   0.2   7.7   11:20     W
26  17.6  22.8   13:15  13.3   05:15   1.6   0.9   0.8   0.3   7.7   13:20    SW
27  19.8  23.7   17:55  16.9   00:00   0.3   1.8   0.0   0.3   9.0   10:35   WSW
28  21.0  28.1   15:45  13.8   00:00   0.8   3.5   0.0   1.1  15.0   18:40     W
29  16.1  21.4   14:40  12.6   02:35   2.6   0.4   0.2   1.8  15.0   07:45   WSW
30  16.8  21.4   15:55  12.9   00:00   2.1   0.5   1.0   5.1  14.1   18:30   WSW
----------------------------------------------------------------------------------
    15.0  28.1    28     5.2    13    69.0  10.7  51.2   1.6  19.2    22     WSW

Max >=  25.0:  1
Max <=   0.0:  0
Min <=   0.0:  0
Min <=  -5.0:  0
Max Rain: 10.6 on day 21
Days of Rain: 14 (>= 0.2 mm)  10 (>= 1.0 mm)  2 (>= 10.0 mm)
Heat Base: 18.3  Cool Base: 18.3  Method: Integration
:now: :gauges: :today/yesterday: :month/year: :records: :monthly records: :graphs: :Metar reports: :NOAA reports: :Rain/ET: :GDD MetOffice: :GDD NOAA: :season averages: :data summary: :system info: ::forum:


Page updated 14/01/2018 13:25:01
powered by Cumulus v1.9.4 (1099)